e factors of 30325.
5, 1213
List the prime factors of 5940646.
2, 37, 80279
What are the prime factors of 926155?
5, 19, 9749
What are the prime factors of 390157?
390157
List the prime factors of 3117420.
2, 3, 5, 23, 251
What are the prime factors of 27294808?
2, 3411851
What are the prime factors of 34652?
2, 8663
What are the prime factors of 24344?
2, 17, 179
List the prime factors of 607529.
13, 17, 2749
List the prime factors of 447069.
3, 7, 61, 349
What are the prime factors of 10945908?
2, 3, 43, 2357
What are the prime factors of 67488?
2, 3, 19, 37
List the prime factors of 2133336.
2, 3, 103, 863
List the prime factors of 9982756.
2, 7, 79, 4513
List the prime factors of 1398324.
2, 3, 19, 6133
List the prime factors of 35705593.
7, 11, 17, 27277
What are the prime factors of 397650?
2, 3, 5, 11, 241
What are the prime factors of 204596?
2, 7, 7307
What are the prime factors of 3377?
11, 307
What are the prime factors of 11568175?
5, 462727
What are the prime factors of 11640255?
3, 5, 11, 19, 47, 79
List the prime factors of 317813.
19, 43, 389
List the prime factors of 18688479.
3, 461, 13513
List the prime factors of 550650.
2, 3, 5, 3671
What are the prime factors of 478965?
3, 5, 37, 863
List the prime factors of 434523.
3, 241, 601
List the prime factors of 291190.
2, 5, 37, 787
What are the prime factors of 9427486?
2, 17, 277279
What are the prime factors of 670557?
3, 83, 2693
List the prime factors of 1382440.
2, 5, 17, 19, 107
List the prime factors of 1161753.
3, 23, 113, 149
What are the prime factors of 102231?
3, 37, 307
What are the prime factors of 993385?
5, 61, 3257
List the prime factors of 520687.
43, 12109
What are the prime factors of 75748?
2, 29, 653
List the prime factors of 1234974.
2, 3, 13, 71, 223
What are the prime factors of 6193855?
5, 1238771
List the prime factors of 209865.
3, 5, 17, 823
What are the prime factors of 14534257?
31, 139, 3373
List the prime factors of 11434001.
43, 139, 1913
List the prime factors of 258717.
3, 86239
List the prime factors of 25713654.
2, 3, 4285609
What are the prime factors of 1732274?
2, 149, 5813
What are the prime factors of 8717397?
3, 13, 107, 2089
List the prime factors of 1190536.
2, 148817
List the prime factors of 266246.
2, 239, 557
List the prime factors of 2502113.
2502113
What are the prime factors of 14617359?
3, 1624151
What are the prime factors of 18516553?
11, 17, 83, 1193
List the prime factors of 4396328.
2, 101, 5441
What are the prime factors of 2986967?
2986967
What are the prime factors of 51394?
2, 7, 3671
List the prime factors of 4276725.
3, 5, 127, 449
List the prime factors of 211634.
2, 105817
List the prime factors of 772711.
19, 67, 607
List the prime factors of 7328389.
113, 64853
What are the prime factors of 895434?
2, 3, 149239
What are the prime factors of 15795370?
2, 5, 71, 22247
What are the prime factors of 4976661?
3, 29, 57203
List the prime factors of 2074649.
2074649
What are the prime factors of 3161752?
2, 11, 19, 31, 61
List the prime factors of 5232603.
3, 151, 11551
What are the prime factors of 1097432?
2, 7, 19597
List the prime factors of 432328.
2, 13, 4157
What are the prime factors of 2565928?
2, 320741
List the prime factors of 24406305.
3, 5, 7, 11, 17, 113
What are the prime factors of 9461711?
7, 47, 28759
What are the prime factors of 10803285?
3, 5, 240073
List the prime factors of 11395273.
11395273
What are the prime factors of 30290584?
2, 373, 10151
What are the prime factors of 7120150?
2, 5, 142403
List the prime factors of 2437998.
2, 3, 59, 71, 97
List the prime factors of 211499.
211499
What are the prime factors of 2987781?
3, 995927
List the prime factors of 331230.
2, 3, 5, 61, 181
What are the prime factors of 80490?
2, 3, 5, 2683
What are the prime factors of 22796260?
2, 5, 109, 10457
What are the prime factors of 3940529?
263, 14983
List the prime factors of 4394911.
4394911
List the prime factors of 4398148.
2, 67, 16411
What are the prime factors of 325628?
2, 127, 641
What are the prime factors of 3687748?
2, 19, 48523
List the prime factors of 4862785.
5, 972557
List the prime factors of 107581.
107581
What are the prime factors of 2022591?
3, 43, 15679
List the prime factors of 2912337.
3, 151, 2143
What are the prime factors of 149077?
149077
What are the prime factors of 1223341?
7, 174763
What are the prime factors of 9701463?
3, 191, 16931
List the prime factors of 140142.
2, 3, 23357
What are the prime factors of 205826?
2, 102913
List the prime factors of 239775.
3, 5, 23, 139
What are the prime factors of 390447?
3, 14461
List the prime factors of 23633.
23633
List the prime factors of 587570.
2, 5, 58757
What are the prime factors of 8608551?
3, 7, 79, 5189
What are the prime factors of 2417426?
2, 11, 109883
What are the prime factors of 443247?
3, 7, 21107
What are the prime factors of 1890855?
3, 5, 42019
List the prime factors of 302441.
29, 10429
List the prime factors of 259767.
3, 1069
What are the prime factors of 5092954?
2, 127, 20051
List the prime factors of 13788518.
2, 6894259
What are the prime factors of 194137?
83, 2339
List the prime factors of 220253.
11, 20023
List the prime factors of 91413.
3, 7, 1451
What are the prime factors of 56616?
2, 3, 7, 337
List the prime factors of 14622443.
11, 1329313
List the prime factors of 2398939.
53, 45263
List the prime factors of 170088.
2, 3, 19, 373
What are the prime factors of 3870901?
967, 4003
List the prime factors of 21648876.
2, 3, 1804073
List the prime factors of 259636.
2, 13, 4993
List the prime factors of 2132461.
2132461
List the prime factors of 791882.
2, 7, 13, 19, 229
What are the prime factors of 687512?
2, 7, 12277
What are the prime factors of 995201?
19, 52379
What are the prime factors of 230885?
5, 61, 757
What are the prime factors of 10293873?
3, 281, 12211
What are the prime factors of 285176?
2, 43, 829
What are the prime factors of 23724153?
3, 71, 137, 271
What are the prime factors of 353557?
353557
List the prime factors of 13086767.
13086767
List the prime factors of 285580.
2, 5, 109, 131
What are the prime factors of 7090874?
2, 7, 506491
What are the prime factors of 1259732?
2, 314933
List the prime factors of 1878503.
11, 170773
What are the prime factors of 661572?
2, 3, 17, 23, 47
List the prime factors of 3151026.
2, 3, 31, 5647
List the prime factors of 198379.
19, 53, 197
What are the prime factors of 11295673?
11295673
What are the prime factors of 608979?
3, 7, 47, 617
What are the prime factors of 552033?
3, 83, 739
List the prime factors of 11560131.
3, 11, 38923
What are the prime factors of 17194952?
2, 281, 7649
List the prime factors of 538369.
13, 41413
List the prime factors of 168558.
2, 3, 13, 2161
List the prime factors of 14557105.
5, 2911421
What are the prime factors of 1370821?
1370821
List the prime factors of 3082655.
5, 19, 37, 877
List the prime factors of 349492.
2, 11, 13, 47
List the prime factors of 11360173.
11, 193, 5351
What are the prime factors of 2705766?
2, 3, 7, 23, 2801
What are the prime factors of 3074440?
2, 5, 101, 761
What are the prime factors of 110785?
5, 22157
What are the prime factors of 3555864?
2, 3, 13, 29, 131
What are the prime factors of 203082?
2, 3, 11, 17, 181
What are the prime factors of 14849943?
3, 29, 170689
What are the prime factors of 104399?
104399
What are the prime factors of 136676?
2, 47, 727
List the prime factors of 1351697.
1351697
What are the prime factors of 37928918?
2, 18964459
What are the prime factors of 2129683?
37, 57559
What are the prime factors of 700753?
67, 10459
What are the prime factors of 4203807?
3, 19, 73751
What are the prime factors of 1064399?
7, 19, 53, 151
What are the prime factors of 27876042?
2, 3, 516223
What are the prime factors of 2837345?
5, 7, 37, 313
List the prime factors of 2102007.
3, 29, 37, 653
What are the prime factors of 519544?
2, 101, 643
What are the prime factors of 592729?
457, 1297
What are the prime factors of 82325?
5, 37, 89
What are the prime factors of 156412?
2, 39103
What are the prime factors of 5503120?
2, 5, 7, 31, 317
What are the prime factors of 1146852?
2, 3, 7, 37, 41
List the prime factors of 3197365.
5, 181, 3533
What are the prime